alculate the highest common factor of 8864997 and 1263.
1263
What is the greatest common factor of 3006 and 60537834?
3006
What is the highest common factor of 385926 and 419314?
982
Calculate the highest common divisor of 3079148 and 644.
92
Calculate the greatest common divisor of 60527734 and 454.
454
Calculate the highest common factor of 4 and 242492.
4
Calculate the highest common divisor of 105565664 and 6944.
992
What is the highest common factor of 4750 and 5514890?
10
What is the greatest common divisor of 102 and 41637165?
51
Calculate the greatest common factor of 9409766 and 5036.
2518
What is the highest common factor of 3408093 and 1287?
117
What is the greatest common factor of 3978550 and 31725?
1175
What is the greatest common divisor of 131392 and 3808?
32
Calculate the highest common divisor of 34560 and 22763232.
288
Calculate the greatest common divisor of 272 and 971057.
17
What is the highest common factor of 171 and 6155202?
57
What is the highest common divisor of 160 and 18857376?
32
Calculate the greatest common factor of 134707738 and 649.
649
What is the greatest common factor of 280733 and 413599?
2143
What is the highest common factor of 4128 and 58974672?
2064
Calculate the highest common divisor of 60448602 and 3878.
554
What is the greatest common factor of 14356434 and 16338?
2334
Calculate the greatest common factor of 13068 and 2740716.
1188
What is the highest common factor of 66675 and 91694?
127
Calculate the highest common divisor of 2147970 and 123855.
345
What is the greatest common factor of 544 and 8719657?
17
Calculate the highest common factor of 83199851 and 70.
7
What is the highest common divisor of 317586 and 51783?
123
What is the highest common divisor of 9187110 and 180?
90
Calculate the greatest common factor of 92937 and 19539.
39
Calculate the highest common factor of 2 and 2323840.
2
Calculate the greatest common divisor of 32799 and 52171.
29
Calculate the greatest common factor of 624 and 1293504.
48
What is the greatest common divisor of 421617 and 12971?
119
What is the greatest common divisor of 3 and 13119663?
3
Calculate the greatest common divisor of 3600661 and 523693.
2173
What is the greatest common factor of 638 and 5850112?
58
Calculate the highest common factor of 5015 and 10785259.
1003
What is the greatest common divisor of 17927 and 25732?
7
What is the highest common divisor of 2730353 and 529?
23
What is the highest common factor of 47311 and 152950897?
2783
Calculate the greatest common divisor of 2068 and 14146154.
1034
What is the greatest common divisor of 325 and 12297625?
25
What is the greatest common factor of 15147 and 1386639?
1377
What is the highest common factor of 40142778 and 156?
78
What is the greatest common divisor of 1924 and 222272986?
962
Calculate the highest common divisor of 55980 and 379710.
90
Calculate the greatest common factor of 8316 and 108912276.
1188
What is the highest common factor of 57451815 and 8073?
621
Calculate the highest common divisor of 15796155 and 435.
435
What is the highest common divisor of 898903327 and 14?
7
What is the highest common divisor of 1280 and 9565328?
16
Calculate the greatest common factor of 140047 and 1467449.
6089
Calculate the highest common divisor of 406 and 1362690.
14
What is the greatest common divisor of 384 and 6136026?
6
Calculate the highest common factor of 5658303 and 39347.
511
What is the highest common divisor of 3415818 and 2654799?
3507
What is the greatest common divisor of 16422 and 263131638?
966
Calculate the highest common factor of 560677 and 1118.
559
Calculate the greatest common divisor of 394 and 10509753.
197
What is the highest common divisor of 90860 and 2408280?
140
Calculate the highest common factor of 630 and 10328535.
315
What is the highest common divisor of 30 and 131939070?
30
Calculate the highest common factor of 159 and 463323.
3
Calculate the highest common factor of 493 and 14458211.
493
What is the greatest common divisor of 467271468 and 26256?
6564
What is the highest common factor of 442426260 and 15?
15
Calculate the greatest common divisor of 30753 and 4801086.
1809
What is the highest common divisor of 162 and 342913419?
81
What is the highest common divisor of 1352529 and 639?
9
Calculate the greatest common divisor of 30587 and 12191.
73
What is the greatest common divisor of 92664 and 624?
312
Calculate the greatest common divisor of 32379787 and 23309.
1793
Calculate the highest common divisor of 14850720 and 11430.
90
What is the highest common factor of 516071538 and 18?
18
Calculate the highest common factor of 1604 and 23772884.
1604
Calculate the highest common factor of 9666 and 11933214.
1074
Calculate the highest common factor of 108 and 4306812.
12
What is the greatest common factor of 34952245 and 4865?
695
Calculate the highest common factor of 28485 and 1147840.
1055
Calculate the greatest common divisor of 8386250 and 9500.
250
Calculate the greatest common factor of 4 and 824812862.
2
Calculate the greatest common factor of 839730 and 122917.
1217
Calculate the highest common factor of 15201337 and 4.
1
What is the highest common factor of 3656592 and 432?
144
What is the greatest common factor of 6659809 and 359?
359
Calculate the greatest common factor of 441928451 and 141.
47
What is the greatest common factor of 424987 and 1647?
61
What is the greatest common factor of 136550208 and 244?
244
What is the greatest common factor of 99250 and 1749182?
794
What is the greatest common divisor of 6600 and 2182400?
2200
Calculate the greatest common factor of 52228 and 44.
44
Calculate the highest common divisor of 33379 and 1943870.
29
What is the highest common factor of 8759283 and 117078?
3081
What is the greatest common divisor of 1988250 and 26675?
275
Calculate the greatest common factor of 20 and 10034690.
10
What is the highest common divisor of 99565073 and 3383?
3383
Calculate the highest common divisor of 3906 and 11608198.
434
Calculate the highest common factor of 318646 and 517238.
214
What is the greatest common divisor of 642719673 and 1338?
669
Calculate the greatest common divisor of 1464 and 1533768.
24
Calculate the highest common factor of 40905 and 33.
3
Calculate the greatest common divisor of 2057124178 and 262.
262
What is the highest common factor of 70 and 23743265?
35
What is the greatest common factor of 22404092 and 888?
148
What is the greatest common divisor of 17672 and 74600?
8
Calculate the highest common factor of 29158 and 577670.
122
Calculate the greatest common divisor of 1095835 and 2506127.
9529
Calculate the greatest common divisor of 38820735 and 1069.
1069
Calculate the greatest common divisor of 672680 and 469.
67
Calculate the greatest common factor of 30996 and 221564.
1148
Calculate the highest common factor of 768 and 228936.
24
Calculate the greatest common divisor of 1356916 and 539.
11
What is the greatest common divisor of 4814 and 27173?
29
What is the highest common factor of 53670 and 70?
10
Calculate the greatest common divisor of 8274 and 4167338.
2758
Calculate the greatest common factor of 2384 and 1285488.
16
What is the highest common divisor of 990 and 47250?
90
What is the highest common divisor of 5563616 and 1480?
296
What is the highest common factor of 49875 and 997025?
475
What is the greatest common factor of 2629 and 3481115?
11
What is the greatest common factor of 3001095 and 17595?
765
Calculate the greatest common factor of 21 and 5001444.
21
What is the greatest common factor of 115974405 and 70955?
3085
Calculate the greatest common divisor of 9938 and 286805711.
4969
Calculate the greatest common divisor of 222708 and 228525.
831
Calculate the highest common factor of 21 and 17339.
7
Calculate the greatest common divisor of 8769 and 1470111.
237
What is the highest common factor of 11537 and 5997850?
139
Calculate the highest common divisor of 10288080 and 1474.
22
Calculate the highest common factor of 21 and 437658627.
21
What is the greatest common divisor of 38919092 and 3896?
1948
Calculate the greatest common factor of 164959 and 1843262.
563
Calculate the highest common divisor of 86258 and 387430.
1462
Calculate the greatest common factor of 109